 is the tens digit of 36456?
5
What is the units digit of 3841?
1
What is the units digit of 4207?
7
What is the hundreds digit of 2714?
7
What is the thousands digit of 7646?
7
What is the units digit of 13019?
9
What is the ten thousands digit of 137484?
3
What is the thousands digit of 8218?
8
What is the units digit of 5?
5
What is the hundreds digit of 1610?
6
What is the thousands digit of 3063?
3
What is the thousands digit of 7437?
7
What is the hundreds digit of 725?
7
What is the hundreds digit of 4925?
9
What is the tens digit of 2379?
7
What is the hundreds digit of 18616?
6
What is the hundreds digit of 2438?
4
What is the hundreds digit of 7768?
7
What is the tens digit of 1379?
7
What is the thousands digit of 2159?
2
What is the tens digit of 2333?
3
What is the tens digit of 4077?
7
What is the tens digit of 10862?
6
What is the units digit of 1626?
6
What is the ten thousands digit of 81526?
8
What is the ten thousands digit of 90368?
9
What is the thousands digit of 2320?
2
What is the hundreds digit of 2322?
3
What is the tens digit of 894?
9
What is the thousands digit of 1037?
1
What is the units digit of 237?
7
What is the tens digit of 8476?
7
What is the units digit of 119020?
0
What is the hundreds digit of 16123?
1
What is the tens digit of 86?
8
What is the units digit of 5054?
4
What is the hundreds digit of 2725?
7
What is the thousands digit of 3131?
3
What is the hundreds digit of 6680?
6
What is the tens digit of 301?
0
What is the units digit of 3652?
2
What is the tens digit of 526?
2
What is the units digit of 7211?
1
What is the tens digit of 6215?
1
What is the units digit of 1849?
9
What is the ten thousands digit of 24600?
2
What is the thousands digit of 1202?
1
What is the tens digit of 3990?
9
What is the tens digit of 13887?
8
What is the tens digit of 32283?
8
What is the thousands digit of 100541?
0
What is the hundreds digit of 3893?
8
What is the hundreds digit of 94330?
3
What is the thousands digit of 17406?
7
What is the units digit of 3399?
9
What is the ten thousands digit of 34986?
3
What is the tens digit of 7843?
4
What is the units digit of 16494?
4
What is the units digit of 17854?
4
What is the hundreds digit of 1445?
4
What is the tens digit of 1492?
9
What is the tens digit of 84095?
9
What is the thousands digit of 13298?
3
What is the thousands digit of 2414?
2
What is the hundreds digit of 7435?
4
What is the hundreds digit of 1294?
2
What is the hundreds digit of 9923?
9
What is the tens digit of 800?
0
What is the hundreds digit of 11366?
3
What is the ten thousands digit of 67630?
6
What is the ten thousands digit of 99855?
9
What is the tens digit of 8286?
8
What is the units digit of 770?
0
What is the tens digit of 2299?
9
What is the ten thousands digit of 32423?
3
What is the units digit of 24588?
8
What is the ten thousands digit of 43599?
4
What is the units digit of 4546?
6
What is the thousands digit of 155713?
5
What is the units digit of 85545?
5
What is the units digit of 33331?
1
What is the units digit of 393?
3
What is the thousands digit of 37034?
7
What is the hundreds digit of 1529?
5
What is the hundreds digit of 8601?
6
What is the tens digit of 39938?
3
What is the ten thousands digit of 24575?
2
What is the thousands digit of 13990?
3
What is the tens digit of 1866?
6
What is the hundreds digit of 19859?
8
What is the hundreds digit of 1031?
0
What is the tens digit of 31548?
4
What is the thousands digit of 14294?
4
What is the tens digit of 952?
5
What is the hundreds digit of 39336?
3
What is the tens digit of 2251?
5
What is the tens digit of 18620?
2
What is the tens digit of 17287?
8
What is the ten thousands digit of 67165?
6
What is the units digit of 6803?
3
What is the thousands digit of 89915?
9
What is the hundreds digit of 5748?
7
What is the tens digit of 3435?
3
What is the units digit of 19568?
8
What is the units digit of 26805?
5
What is the hundreds digit of 20515?
5
What is the hundreds digit of 199?
1
What is the hundreds digit of 30556?
5
What is the hundreds digit of 67271?
2
What is the units digit of 331?
1
What is the tens digit of 18747?
4
What is the ten thousands digit of 55383?
5
What is the hundreds digit of 13032?
0
What is the thousands digit of 27250?
7
What is the ten thousands digit of 183989?
8
What is the hundreds digit of 1822?
8
What is the ten thousands digit of 24674?
2
What is the hundreds digit of 2522?
5
What is the thousands digit of 54933?
4
What is the units digit of 664?
4
What is the tens digit of 1428?
2
What is the hundreds digit of 54353?
3
What is the thousands digit of 1996?
1
What is the thousands digit of 2152?
2
What is the hundreds digit of 1155?
1
What is the hundreds digit of 25088?
0
What is the units digit of 16743?
3
What is the units digit of 6168?
8
What is the hundreds digit of 906?
9
What is the tens digit of 51530?
3
What is the ten thousands digit of 29300?
2
What is the tens digit of 26675?
7
What is the thousands digit of 6563?
6
What is the units digit of 1220?
0
What is the ten thousands digit of 42165?
4
What is the units digit of 1264?
4
What is the hundreds digit of 63320?
3
What is the thousands digit of 7491?
7
What is the ten thousands digit of 11608?
1
What is the thousands digit of 2020?
2
What is the hundreds digit of 2756?
7
What is the thousands digit of 2384?
2
What is the tens digit of 364?
6
What is the hundreds digit of 1808?
8
What is the units digit of 2723?
3
What is the hundreds digit of 7298?
2
What is the hundreds digit of 9037?
0
What is the thousands digit of 1413?
1
What is the hundred thousands digit of 177326?
1
What is the units digit of 52913?
3
What is the thousands digit of 11241?
1
What is the units digit of 28013?
3
What is the tens digit of 26767?
6
What is the thousands digit of 101926?
1
What is the ten thousands digit of 138320?
3
What is the hundreds digit of 9773?
7
What is the tens digit of 15010?
1
What is the tens digit of 891?
9
What is the units digit of 33356?
6
What is the tens digit of 4252?
5
What is the units digit of 11119?
9
What is the hundreds digit of 162?
1
What is the tens digit of 96357?
5
What is the units digit of 5734?
4
What is the tens digit of 8611?
1
What is the tens digit of 79726?
2
What is the hundreds digit of 38816?
8
What is the tens digit of 252?
5
What is the tens digit of 185?
8
What is the thousands digit of 44358?
4
What is the tens digit of 11265?
6
What is the units digit of 4473?
3
What is the ten thousands digit of 112934?
1
What is the hundreds digit of 18711?
7
What is the tens digit of 279?
7
What is the thousands digit of 29911?
9
What is the units digit of 573?
3
What is the hundreds digit of 445?
4
What is the tens digit of 6383?
8
What is the units digit of 1415?
5
What is the thousands digit of 22609?
2
What is the hundreds digit of 14290?
2
What is the units digit of 4794?
4
What is the thousands digit of 33397?
3
What is the thousands digit of 7498?
7
What is the hundreds digit of 4093?
0
What is the hundreds digit of 125383?
3
What is the thousands digit of 33523?
3
What is the thousands digit of 21373?
1
What is the units digit of 2217?
7
What is the ten thousands digit of 190484?
9
What is the units digit of 3461?
1
What is the units digit of 1162?
2
What is the hundreds digit of 9270?
2
What is the units digit of 21716?
6
What is the tens digit of 874?
7
What is the units digit of 2948?
8
What is the tens digit of 160015?
1
What is the tens digit of 27279?
7
What is the units digit of 96828?
8
What is the tens digit of 1667?
6
What is the units digit of 497?
7
What is the hundreds digit of 8843?
8
What is the units digit of 51353?
3
What is the thousands digit of 4283?
4
What is the hundreds digit of 727?
7
What is the hundreds digit of 7787?
7
What is the hundreds digit of 8407?
4
What is the units digit of 32716?
6
What is the units digit of 575?
5
What is the thousands digit of 9238?
9
What is the tens digit of 7680?
8
What is the tens digit of 9776?
7
What is the ten thousands digit of 23954?
2
What is the hundreds digit of 283?
2
What is the tens digit of 17637?
3
What is the units digit of 1604?
4
What is the units digit of 15262?
2
What is the tens digit of 880?
8
What is the units